*t = -4*t + c. Suppose -4*o + 0*w = 5*w - 37, -5*o - 5*w + t = 0. What are the prime factors of o?
13
Suppose 17*m = 5976 + 11432. List the prime factors of m.
2
Let v be 12/6 + 3 + -1. Suppose v*y - 80 = -4*y. List the prime factors of y.
2, 5
Suppose 0 = 5*u - 15, 0*j + 2*u = -5*j + 1. What are the prime factors of -5 - j - (-1 + -41)?
2, 19
Let p(l) = 6*l - 10. Let i be p(4). Let w = -11 + i. Suppose w*q - 37 - 62 = 0. List the prime factors of q.
3, 11
Let f(u) = u**3 - 7*u**2 - 31*u + 19. List the prime factors of f(12).
367
Suppose -5135 = -5*y - 2*h, -7*y + 3*y - 3*h = -4115. List the prime factors of y.
5, 41
Let g(u) = -11*u + 33. Let n be g(3). List the prime factors of 6*(n + 54) - (3 - 2).
17, 19
Let v(m) = m**3 + 7*m**2 - 11*m + 4. Let l be v(-8). Suppose 0*u + 4*u = l. Suppose -3*q - 4*b = -69, 0 = -q + b + u + 16. What are the prime factors of q?
23
Suppose -i - 2 = -2*i. Suppose -3*w = i*w + 10. What are the prime factors of w/3 + (-65)/(-3)?
3, 7
Let w(x) = x**3 - 16*x**2 + 7. Let b be w(16). What are the prime factors of 12/(b/(742/4))?
2, 3, 53
Let o = 1 + 4. Let c = -61 + 61. Suppose c = -b + o. What are the prime factors of b?
5
Let u = -597 - -1451. List the prime factors of u*6/72 + (-1)/6.
71
Let g be (62 - (-2)/(-4)*-2)/(-1). Let w = g + 85. List the prime factors of w.
2, 11
Let j be (96/56)/(4/14). Let u be (-303)/(-7) - j/21. Let n = 67 - u. List the prime factors of n.
2, 3
Suppose 4*c + 7*p - 2*p = -57, 2*c - 3*p = -45. Let b be (-5)/(-30) - (-3)/c. Suppose 0 = 2*n + 2, b = 3*h + 5*n - 16. List the prime factors of h.
7
Let t(n) = 14*n**2 + 9*n + 227. What are the prime factors of t(-16)?
19, 193
Let a = -770 - -1374. What are the prime factors of a?
2, 151
Let m = -51 - -56. Suppose -2*c = -k + c, 0 = -4*k - m*c + 34. What are the prime factors of k?
2, 3
List the prime factors of ((-77307)/(-15) - -9) + 1/5.
3, 1721
Let i(z) = -5*z**2 + 13*z + 6. Let c(h) = -4*h**2 + 14*h + 7. Let q(k) = -6*c(k) + 5*i(k). List the prime factors of q(-7).
2, 3
Let n = -4533 - -7941. List the prime factors of n.
2, 3, 71
Suppose 0 = 6*p - 4*p - 4. Let h(s) = 7*s**3 - s**2 + 2*s + 2. What are the prime factors of h(p)?
2, 29
List the prime factors of (492/(-15))/(7/(-105)).
2, 3, 41
Let q(j) = 24*j - 16. What are the prime factors of q(12)?
2, 17
Let o(j) = -j**3 - 2*j**2 - 2*j - 3. Suppose -4*g - 6*s = -2*s - 4, 4*g = 3*s - 17. Let l be o(g). List the prime factors of 17*l - (10 - 13).
2, 5
Let a(i) = i**3 + 8*i**2 - 3*i + 2. Suppose -10*w = -10 + 50. What are the prime factors of a(w)?
2, 3, 13
Suppose 6 = -3*c - 9, 5*c = -2*y - 19. Suppose 4*z - x = 721, 910 = 2*z + 3*z - y*x. What are the prime factors of z?
179
Let i = 833 + -467. Suppose 2*p = -p + 3*k + i, 3*k = p - 122. List the prime factors of p.
2, 61
Suppose -2*n - 2*a + 5*a - 4 = 0, -36 = -4*n - 5*a. Suppose -227 = -n*q + 13. List the prime factors of q.
2, 3, 5
Let n(m) = 18*m**3 + m**2 - 3*m + 2. Let h be n(1). What are the prime factors of 230/h - (-22)/99?
13
Let r = 993 - -1465. What are the prime factors of r?
2, 1229
Let q(x) = 13*x**2 + 11*x + 10. Let b be q(-4). Let i = -66 + b. List the prime factors of i.
2, 3
Suppose -242 = -5*d - 2*r, -d + 244 = 4*d + 4*r. Let g = -23 + d. List the prime factors of g.
5
Suppose -20 = -5*d + 25. Let u(b) = -b**2 + 11*b + 4. List the prime factors of u(d).
2, 11
Let q(w) = -2*w - 7. Let u(r) = -2*r**3 - 5 - 11*r**2 - 2*r**3 + 3*r**3. Let i be u(-11). What are the prime factors of q(i)?
3
Let t be (-5 + 0/3)*(-14)/35. Suppose -3*z + 2*m + 417 = 103, 2*z - t*m - 212 = 0. What are the prime factors of z?
2, 3, 17
Let j(l) = 4*l**3 - 3*l**2 - l + 6. Let q(a) = -5*a**3 + 2*a**2 + a - 7. Let o(y) = 3*j(y) + 2*q(y). What are the prime factors of o(4)?
2, 3
Suppose 6*t - 2*t = 0. Suppose t = 3*q - 21. List the prime factors of (-2 + 3)*2 + q.
3
List the prime factors of (-3808)/(-12)*(150/(-5))/(-5).
2, 7, 17
Suppose 47*s - 50*s = -5424. What are the prime factors of s?
2, 113
Suppose 17 = 4*p - 19. Suppose -p*c + 4*c + 475 = 0. Suppose 4*d = -2*n + c - 3, 4*n - 206 = 3*d. What are the prime factors of n?
2, 5
Let k(f) = f**3 - 4*f**2 + 6*f - 5. Let q be k(3). List the prime factors of (-118)/(q/(12/(-3))).
2, 59
Suppose -12 = -2*k - 2. Suppose -o - 11 = -k*b + 3*o, -2*o = b - 5. List the prime factors of b.
3
Let t(j) = -j**3 - 6*j**2 + 2. Suppose 10*x = 7*x - 18. Let w be t(x). Suppose -4 - 6 = -w*r. What are the prime factors of r?
5
Let u be (-8 - -2)*(3 - (-54)/(-4)). Let m = -34 + u. List the prime factors of m.
29
Suppose 11*j + 126 = 14*j. Let h = j - -25. What are the prime factors of h?
67
Let k = -161 + 167. Let c(a) = 54*a - 45. List the prime factors of c(k).
3, 31
Suppose -10 = -5*a - 0. What are the prime factors of a*(1 + -2) - (-121 + 1)?
2, 59
Suppose 0 = 7*t - 13 - 22. Let x(y) = 3*y**2 + 3*y - 3. List the prime factors of x(t).
3, 29
Let v(x) = x**3 + 31*x**2 - 4*x - 23. What are the prime factors of v(-27)?
3001
Let c = 113 - -23. What are the prime factors of c?
2, 17
Let c = -17 - -59. Suppose 2*r - 5*r + c = 0. What are the prime factors of r?
2, 7
Let k be (-36)/(-54) - 142/6. Let g = k - -43. What are the prime factors of g?
2, 5
Suppose 2*w = -h + 493, w + 7 = 4. What are the prime factors of h?
499
Let s = 2 - -3. Suppose s*o - 13 - 102 = 0. List the prime factors of o.
23
Let a(d) = -d**3 - 20*d**2 + 5*d - 14. List the prime factors of a(-21).
2, 7, 23
Suppose -3*m = -w - 8, -3*m = -4*m + w. Suppose 4*y - a = 15, 0 = m*y + 4*a - a - 19. Suppose -2*g = y*g - 60. List the prime factors of g.
2, 5
What are the prime factors of 10/35 + 16865/(-70)*-4?
2, 241
Let c = 59 + -42. Let u = 88 - c. What are the prime factors of u?
71
Let g be (-1357)/3 + (-4)/6. Let q = g - -635. List the prime factors of q.
2, 7, 13
Suppose 6*j + 49 - 229 = 0. Suppose 122 - j = s. List the prime factors of s.
2, 23
Let g be -3 + (1 - -14) + 1. Let y = g + -6. Suppose -4*r + y*r = -j + 61, 5*r = j + 99. What are the prime factors of r?
2, 5
Suppose -2*t + 1138 = -2*i, 6*i - 8*i = 8. What are the prime factors of t?
5, 113
Let m = -63 - -63. Suppose -p + 6*p - 390 = m. List the prime factors of p.
2, 3, 13
Let n = -6770 - -9655. List the prime factors of n.
5, 577
Let r = 159 - 124. Suppose d - 7 = -b + r, -d + 52 = -b. List the prime factors of d.
47
List the prime factors of ((-1029120)/55)/(-8) + (-3)/(-33).
2339
What are the prime factors of 2/(-8)*(-5)/((-25)/(-25780))?
1289
What are the prime factors of (33/(-132))/(1*3/(-4404))?
367
Let k(i) = i**3 - 9*i**2 - 9*i - 8. Let o be k(10). What are the prime factors of 3 + 196/4 + o?
2, 3
Let j = 73 - -50. Suppose -3*v + 2*y - 56 = -204, 0 = -3*v - 3*y + j. Suppose -14 - v = -5*w. What are the prime factors of w?
2, 3
Let a be (-12)/16 - 6/(-8). Suppose 4*b = -28 - a. Let j = 1 - b. List the prime factors of j.
2
Let g(y) = -y**3 + 17*y**2 + 4*y + 12. Let j be (5 + 28/(-6))/((-2)/(-102)). What are the prime factors of g(j)?
2, 5
Suppose 3*q = -u + 1365, 4*q + 3*u - 2899 = -1079. Let w = q - 288. What are the prime factors of w?
167
What are the prime factors of (5 - -189 - 6)/(3/36)?
2, 3, 47
Suppose -3*u + 8*u - 70 = 0. Let y be 7/(u/4) + 80. Let i = y + -40. What are the prime factors of i?
2, 3, 7
Let n = 90 - 144. List the prime factors of (-1270)/(-4) + n/(-36).
11, 29
Suppose -10 = -4*g + 2*l, -5*g + 3*l + 2*l = -5. Suppose g*p = 5*p - 5. Suppose p*v - 3*b - 70 = 0, 3*v - 2*b - 56 = -v. What are the prime factors of v?
2, 7
Let t be 2/1 - 40/5. Let g be (-2 - t) + 0/(-1). Suppose -6*r + r = -g*o - 213, 192 = 4*r + 4*o. What are the prime factors of r?
3, 5
Suppose 4*q + 6060 = 5*k, -4*q + 2424 = 2*k - 3*q. List the prime factors of k.
2, 3, 101
Suppose -3*b + 15 = m, 5*b + 4*m - 28 = b. Suppose 7*z - b*z = 369. List the prime factors of z.
3, 41
Let p be (12/3)/((-2)/6). Let f = p + 9. List the prime factors of (-20)/(f/3*2).
2, 5
Suppose 912 = -4*k - 260. Let i = k - -630. What are the prime factors of i?
337
Suppose 8*z - 4*z = 0. Suppose 5*p - 27 - 208 = z. List the prime factors of p.
47
Suppose 0 = 4*d + 12, -2*q = 4*d + 26 + 26. List the prime factors of 11 - 0 - (-23 - q).
2, 7
Let h = 3540 - 2386. List the prime factors of h.
2, 577
Let y = 2155 + -1799. List the